
In base 2, what is 1000 + -10100?
-1100
In base 12, what is 174 - 4?
170
In base 7, what is 21 - 61?
-40
In base 15, what is 3 + -4e?
-4b
In base 5, what is 14 - 23424?
-23410
In base 14, what is -3 + 7a7?
7a4
In base 15, what is -2 + -6b?
-6d
In base 11, what is -158 - -4?
-154
In base 5, what is 43 + 4?
102
In base 6, what is 1 - 125?
-124
In base 4, what is -12 - 2321?
-2333
In base 12, what is 288 - 10?
278
In base 7, what is 0 + 34?
34
In base 3, what is -10 - 10210?
-10220
In base 12, what is 8b0 - -5?
8b5
In base 6, what is 2512 + 4?
2520
In base 12, what is a - 1?
9
In base 12, what is -5 + -8a1?
-8a6
In base 16, what is 259 + 0?
259
In base 13, what is 4 + -29?
-25
In base 2, what is -1000001000 - -1001?
-111111111
In base 8, what is -155 + -7?
-164
In base 5, what is 243 + 4?
302
In base 8, what is 75 + -14?
61
In base 9, what is -140 + 31?
-108
In base 3, what is 122 + -1002?
-110
In base 16, what is -7 + 10b?
104
In base 10, what is -67 - -106?
39
In base 3, what is -1001 - -110?
-121
In base 15, what is 4 + -d?
-9
In base 16, what is -151 + 2?
-14f
In base 6, what is -5 - -2114?
2105
In base 12, what is -3 - -205?
202
In base 2, what is -10100101111 + 1111?
-10100100000
In base 8, what is -5 + -15?
-22
In base 6, what is 2021 + 0?
2021
In base 8, what is -1 - -17572?
17571
In base 12, what is 4 + -213?
-20b
In base 10, what is -5 + -718?
-723
In base 5, what is 2 + 2301?
2303
In base 15, what is 8 - 15?
-c
In base 3, what is -12 + -20212?
-21001
In base 3, what is 10 - 10011?
-10001
In base 7, what is -454 - -3?
-451
In base 11, what is 525 + 11?
536
In base 4, what is -12 + 121?
103
In base 11, what is 4 - 37?
-33
In base 11, what is 305 + 0?
305
In base 4, what is 10 - -13333?
20003
In base 9, what is -45 + 2?
-43
In base 13, what is 6 + 36?
3c
In base 16, what is 609 + 5?
60e
In base 12, what is -5 - -32?
29
In base 2, what is -100 - 110010?
-110110
In base 10, what is -144 + -1?
-145
In base 13, what is 3 + 2c?
32
In base 8, what is -643 - 60?
-723
In base 13, what is -5 - 8b?
-93
In base 16, what is 17 + 7?
1e
In base 11, what is -5 - -334?
32a
In base 11, what is 5533 + -1?
5532
In base 9, what is -22 + 2?
-20
In base 16, what is 363 + 2?
365
In base 5, what is -23244 + -23?
-23322
In base 6, what is 1 - 30?
-25
In base 14, what is -9b - 2?
-9d
In base 10, what is 3 - 269?
-266
In base 15, what is -5 + 1b?
16
In base 6, what is 25 + -10?
15
In base 14, what is -4 + -3a7?
-3ab
In base 3, what is -20 + -10110101?
-10110121
In base 10, what is -4 - 268?
-272
In base 13, what is -a - -47?
3a
In base 16, what is a6 - -1?
a7
In base 7, what is 14 + -226?
-212
In base 12, what is 5b9 + -a?
5ab
In base 10, what is 136 + 128?
264
In base 13, what is -1570 + 3?
-156a
In base 13, what is 10 + -9?
4
In base 16, what is -19 - -43?
2a
In base 14, what is -12 + 9?
-7
In base 10, what is -4903 + -2?
-4905
In base 12, what is -3274 + 1?
-3273
In base 10, what is -7995 + 3?
-7992
In base 5, what is 33 - 232?
-144
In base 5, what is 4 - -41?
100
In base 8, what is 15322 + 0?
15322
In base 13, what is 2 - 791?
-78c
In base 4, what is -102 - 21320?
-22022
In base 8, what is 1 - -106?
107
In base 3, what is -11012 - 2?
-11021
In base 14, what is -7 + -1?
-8
In base 12, what is -3 - -2400?
23b9
In base 11, what is -113 + -3?
-116
In base 5, what is 413 + 21?
434
In base 4, what is 0 + 23?
23
In base 12, what is -575 + -1?
-576
In base 10, what is -5 + -389?
-394
In base 13, what is 3 - 315?
-312
In base 13, what is -3 + -63?
-66
In base 16, what is 4 + -24e?
-24a
In base 10, what is 2 - -90?
92
In base 5, what is 13 - -4122?
4140
In base 14, what is -dd + -4?
-103
In base 8, what is 10544 + 3?
10547
In base 8, what is 0 + 1530?
1530
In base 2, what is 1100011 + -1101101?
-1010
In base 9, what is -20 - 348?
-368
In base 6, what is 5 - 14120?
-14111
In base 3, what is 2200 + 0?
2200
In base 4, what is 2 - -11321?
11323
In base 6, what is -30443 - -4?
-30435
In base 7, what is 30 + 36?
66
In base 15, what is -5 - 3?
-8
In base 11, what is 17 - -18?
34
In base 6, what is 10 + 11045?
11055
In base 10, what is 796 + 1?
797
In base 11, what is 49 - -2?
50
In base 5, what is -21 - 20?
-41
In base 10, what is -1649 - 7?
-1656
In base 10, what is 0 + -318?
-318
In base 11, what is 291 - -18?
2a9
In base 5, what is -10 + -111?
-121
In base 4, what is -13 + 2121?
2102
In base 4, what is 30113 - 3?
30110
In base 4, what is 210 + -2?
202
In base 3, what is 20 + -2111?
-2021
In base 2, what is 100 - 10000100?
-10000000
In base 11, what is 4 - 46?
-42
In base 4, what is -30 - -20?
-10
In base 15, what is -4 + -5?
-9
In base 15, what is -3 - -5bd?
5ba
In base 12, what is b - 5?
6
In base 11, what is 208 + 0?
208
In base 6, what is 3 + -4?
-1
In base 10, what is 8 + -1459?
-1451
In base 9, what is 4 + 143?
147
In base 3, what is 10 + -1000210?
-1000200
In base 2, what is -111100 + 0?
-111100
In base 10, what is 29849 + 2?
29851
In base 6, what is -303 + 10?
-253
In base 9, what is -21 + -58?
-80
In base 12, what is 1 - -1334?
1335
In base 7, what is -445 + 21?
-424
In base 2, what is -1010001 - -101110?
-100011
In base 16, what is -a + -8?
-12
In base 6, what is 0 + -14?
-14
In base 16, what is 3a2 + 0?
3a2
In base 16, what is 1 + -15?
-14
In base 15, what is -1441 - 0?
-1441
In base 16, what is 2 + c8?
ca
In base 9, what is -348 + 0?
-348
In base 13, what is -766 - -2?
-764
In base 10, what is -219 - 1?
-220
In base 3, what is -11000 - 1020?
-12020
In base 7, what is -1505 - -5?
-1500
In base 15, what is -58 - -2?
-56
In base 12, what is -900 - -4?
-8b8
In base 3, what is 111211100 + -12?
111211011
In base 3, what is -10011 + -1112?
-11200
In base 10, what is -115 - -2?
-113
In base 7, what is 33022 + 5?
33030
In base 6, what is 431 + 4?
435
In base 8, what is 46 + 5?
53
In base 14, what is 3a + 37?
73
In base 15, what is 0 + 8?
8
In base 12, what is -1 + -10?
-11
In base 12, what is 1b + -54?
-35
In base 16, what is -2b + -f?
-3a
In base 12, what is 3 - -16?
19
In base 6, what is 10004 + -1?
10003
In base 14, what is 4 + 15?
19
In base 12, what is b - -5?
14
In base 2, what is -10110011010 - 0?
-10110011010
In base 13, what is 2 + -b?
-9
In base 9, what is 80 - -5?
85
In base 5, what is 12431 - 1?
12430
In base 5, what is 210 - -440?
1200
In base 13, what is 57 + -58?
-1
In base 2, what is -1 - -111111101?
111111100
In base 10, what is 1568 + 3?
1571
In base 16, what is 5e9 - -4?
5ed
In base 6, what is -1343 - 2?
-1345
In base 7, what is 3 - -336?
342
In base 7, what is 26 - -11?
40
In base 10, what is 15 - 586?
-571
In base 15, what is 33 - 2?
31
In base 15, what is -15 + -1e9?
-20e
In base 5, what is -1204 + 4?
-1200
In base 7, what is 652 - 5?
644
In base 11, what is 3 + -11?
-9
In base 13, what is -24 - 13?
-37
In base 16, what is -46d + -2?
-46f
In base 9, what is 1 + -87?
-86
In base 11, what is -796 - 5?
-7a0
In base 13, what is 1b96 + -1?
1b95
In base 2, what is -1100100001 + 10?
-1100011111
In base 15, what is -eb - 0?
-eb
In base 14, what is -8d - -2?
-8b
In base 2, what is -100 + -10000000010?
-10000000110
In base 15, what is -41a + 4?
-416
In base 12, what is 909 - -9?
916
In base 15, what is -188 + 1?
-187
In base 12, what is -4 - 2a?
-32
In base 2, what is -1010110111 - -100010?
-1010010101
In base 3, what is 12 - 111?
-22
In base 14, what is 1c - -39?
57
In base 10, what is 27 - -15?
42
In base 10, what is -939 + -2?
-941
In base 9, what is -751 - 2?
-753
In base 5, what is -10 - -44?
34
In base 2, what is -110001 + 11110?
-10011
In base 3, what is 10 + -1221?
-1211
In base 6, what is -124 - -42?
-42
In base 15, what is d5 - 41?
94
In base 11, what is -33 + 23?
-10
In base 3, what is -1 + 110?
102
In base 4, what is -121 + 10?
-111
In base 12, what is 1 + -222?
-221
In base 9, what is 1 - -2172?
2173
In base 8, what is 2 - 74?
-72
In base 5, what is 1 + 34423?
34424
In base 13, what is -1c - -17?
-5
In base 6, what is -2 - -1553?
1551
In base 2, what is 11000011101 + 1000?
11000100101
In base 3, what is -2 + 11201112?
11201110
In base 15, what is 39 + 13d?
177
In base 15, what is -8 + -1dd?
-1e6
In base 15, what is -2c + c5?
98
In base 11, what is -13 - 54?
-67
In base 9, what is -18218 - 2?
-18221
In base 16, what is -1635 - 0?
-1635
In base